4591. What is d(-787)?
-5
Let d(s) = 7*s**2 + 67*s + 405. Calculate d(-12).
609
Let f(q) = -9810478*q - 68673346. Calculate f(-7).
0
Let y(b) = -b**3 + 18*b**2 - 3447*b + 69701. Determine y(20).
-39
Let g(l) = -l**2 + 337*l - 26969. Give g(206).
17
Let a(z) = -2*z**3 + 50*z**2 - 245*z - 13. Calculate a(7).
36
Let r(o) = o**3 + 30*o**2 + 108*o + 1524. What is r(-28)?
68
Let c(d) = 72791*d - 1965351. Determine c(27).
6
Let v(c) = c**3 - 291*c**2 - 9*c + 2950. Give v(291).
331
Let t(k) = 17*k**2 - 52*k + 237. Calculate t(6).
537
Let l(h) = 17277*h - 207394. Give l(12).
-70
Let f(l) = -184*l**2 - 1091*l - 2. Determine f(-7).
-1381
Let u(a) = a**3 + 45*a**2 + 328*a + 25. Calculate u(-9).
-11
Let f(d) = 4450*d - 84349. Calculate f(19).
201
Let b(u) = 11*u**3 - 32*u**2 + 7*u - 14. Give b(2).
-40
Let l(g) = 1747*g - 18181. What is l(11)?
1036
Let v(d) = 576*d + 29703. Calculate v(-52).
-249
Let n(v) = 2*v**3 - 505*v**2 + 31864*v - 98. Determine n(129).
31
Let w(s) = 706*s + 30362. Determine w(-43).
4
Let f(r) = 5*r**2 - 115*r - 12586. What is f(-40)?
14
Let o(n) = -9*n**3 - 18*n**2 + 81*n - 522. Determine o(7).
-3924
Let x(k) = -k**3 - 42*k**2 + 144*k + 5884. Give x(-44).
3420
Let o(x) = -12*x**2 + 556*x + 1. Calculate o(2).
1065
Let a(z) = 12221*z + 48905. Calculate a(-4).
21
Let l(h) = -h**2 - 145*h - 3857. Calculate l(-36).
67
Let y(b) = b**3 - 7*b**2 - 59*b + 312. Give y(17).
2199
Let o(l) = 13248*l - 397401. Give o(30).
39
Let i(j) = -249*j**3 - 17*j**2 - 45*j + 62. What is i(1)?
-249
Let t(y) = -46*y**2 + 997*y + 29. Give t(21).
680
Let g(y) = 3*y**2 - 575*y + 842. Determine g(0).
842
Let n(m) = -3*m**2 - 374*m - 12784. Determine n(-80).
-2064
Let u(t) = -t**3 + 105*t**2 + 789*t + 40. Determine u(-7).
5
Let c(g) = -g**3 + g**2 + 2875*g - 807. Calculate c(54).
-105
Let k(s) = 27780*s - 472300. Determine k(17).
-40
Let d(u) = u**3 + 144*u**2 + 4436*u + 664242. Calculate d(-145).
-3
Let q(f) = 25025*f + 4679679. Determine q(-187).
4
Let f(a) = -a**3 - 81*a**2 + 4284*a + 59514. What is f(-114)?
6
Let h(v) = -13730*v - 2869577. Calculate h(-209).
-7
Let v(c) = c**2 + 2470*c - 1915787. Give v(620).
13
Let n(y) = -4*y**2 + 57249*y - 572059. Calculate n(10).
31
Let h(f) = 22*f**3 + 9129*f**2 - 405*f + 4053. What is h(-415)?
-97
Let c(n) = 15*n - 4276. Give c(271).
-211
Let p(m) = 57*m**2 + 1608*m - 3422. Give p(2).
22
Let p(w) = 7*w**2 - 442*w + 2628. Calculate p(6).
228
Let i(s) = -2*s**3 + 18*s**2 - 18*s - 10. Determine i(7).
60
Let u(j) = 57302*j - 2062876. Calculate u(36).
-4
Let l(g) = 5*g**2 + 1269*g - 21590. What is l(16)?
-6
Let c(v) = -v**3 + v**2 + 1295*v - 12029. What is c(10)?
21
Let x(u) = u**3 - 54*u**2 + 284*u - 58. What is x(48)?
-250
Let w(q) = -13*q**2 - 199*q + 378. Give w(-17).
4
Let m(v) = -v**3 - 36*v**2 + 180*v - 130. Give m(-40).
-930
Let v(g) = 10392*g**2 - 72742*g + 2. Calculate v(7).
16
Let k(b) = 2*b**3 - 93*b**2 + 392*b - 1065. What is k(42)?
-477
Let z(l) = 665950*l + 665923. Give z(-1).
-27
Let j(l) = l**3 + 683*l**2 - 743*l - 40346. What is j(-684)?
10
Let m(w) = w**3 + 24*w**2 - 138*w - 1808. Give m(-7).
-9
Let o(f) = -9*f**2 - 150*f + 964. Calculate o(7).
-527
Let s(a) = 5862*a + 29309. What is s(-5)?
-1
Let m(w) = -w**3 + 8*w**2 - 198*w + 1163. Calculate m(6).
47
Let r(x) = x**3 + 93*x**2 + 16*x - 101. Calculate r(-93).
-1589
Let t(q) = -2*q**3 + 7*q**2 + 462*q - 2276. Give t(5).
-41
Let s(o) = -o**3 - 27*o**2 - 946*o - 25551. Determine s(-27).
-9
Let m(u) = -u**2 + 4202*u + 286048. Calculate m(-67).
25
Let p(i) = 7224*i + 772972. What is p(-107)?
4
Let n(y) = -2*y**2 - 44156*y - 1146710. Determine n(-26).
-6
Let x(z) = 14*z**2 + 153*z + 63. What is x(-10)?
-67
Let g(q) = 113*q**3 + 13*q**2 - 3405*q + 3390. Give g(1).
111
Let f(a) = 9*a**2 - 1061*a - 14191. What is f(130)?
-21
Let b(x) = 1733*x**2 + 10371*x - 154. Give b(-6).
8
Let p(w) = -245791*w + 737263. Give p(3).
-110
Let q(y) = -2*y**2 - 62005*y - 371953. Determine q(-6).
5
Let l(u) = -2*u**2 - 11379*u - 9245531. Determine l(-982).
-1
Let b(l) = 5285*l - 243097. Determine b(46).
13
Let z(h) = -2*h**3 - 14*h**2 + 1419*h - 2140. Give z(-31).
-1
Let h(j) = -j**3 - 211*j**2 - 2016*j - 1234. Determine h(-201).
-28
Let o(c) = 143511*c + 3587810. What is o(-25)?
35
Let t(c) = 2*c**2 + 2740*c - 847594. Calculate t(260).
6
Let x(i) = 14414*i - 43406. Calculate x(3).
-164
Let h(n) = 6*n**2 - 64*n - 1415. What is h(26)?
977
Let n(d) = d**2 + 15443*d - 681321. Give n(44).
107
Let l(t) = 17*t**2 + 4017*t - 16131. Give l(4).
209
Let d(j) = -160*j**2 + 76965*j - 2402. What is d(481)?
3
Let g(t) = -2*t**2 + 460*t + 57547. Calculate g(-90).
-53
Let z(b) = 133*b - 4832. Calculate z(35).
-177
Let z(n) = -337*n**2 - 9273*n - 4707. What is z(-27)?
-9
Let f(y) = -y**2 + 155*y + 4798. Calculate f(-25).
298
Let y(f) = -188*f**3 + 2*f**2 + 1298*f - 2597. Determine y(2).
-1497
Let q(x) = 1436*x**2 + 24411*x + 24. What is q(-17)?
41
Let b(m) = -8*m**3 - 94*m**2 - 194*m + 17. Give b(-9).
-19
Let d(f) = 1327*f**2 - 36*f + 304. Give d(0).
304
Let a(u) = 2*u**3 - 18*u**2 + 11*u - 82. Calculate a(7).
-201
Let i(a) = -6*a**2 - 14*a + 348. Give i(-9).
-12
Let d(u) = -19*u**3 + 1293*u**2 - 66*u - 125. Determine d(68).
11
Let v(x) = -2*x**2 + 243*x + 27334. Determine v(-72).
-530
Let w(h) = 82*h - 1026. Determine w(8).
-370
Let n(t) = -265*t + 5427. What is n(18)?
657
Let p(t) = t**3 + 16*t**2 + 6021*t + 96330. What is p(-16)?
-6
Let t(q) = -q**3 + 186*q**2 - 492*q - 10530. Give t(183).
-99
Let j(v) = -14*v**2 + 19*v + 150. Determine j(7).
-403
Let k(y) = y**3 + 111*y**2 - 651*y + 6032. Determine k(-117).
65
Let p(k) = 4*k**2 - 113*k + 47. Determine p(26).
-187
Let t(b) = -3094*b + 10394. Give t(3).
1112
Let l(j) = -14*j**2 + 1390*j - 31662. Determine l(64).
-46
Let u(l) = -15091*l + 9516. Give u(1).
-5575
Let h(l) = -20*l**3 - 922*l**2 - 271*l - 8212. Calculate h(-46).
22
Let y(k) = -6765*k + 34843. Determine y(5).
1018
Let j(f) = -3*f**2 + 2586*f - 179113. Calculate j(786).
95
Let p(d) = 4*d**2 + 1156*d - 8852. Give p(8).
652
Let u(b) = 6*b**3 - 81*b**2 - 3156*b + 43614. Calculate u(14).
18
Let b(o) = o**3 - 9*o**2 + 65*o + 30. Determine b(6).
312
Let u(t) = -16*t**2 + 1451*t - 5577. Give u(4).
-29
Let l(k) = 11*k**3 - 11891*k - 11891. Calculate l(-1).
-11
Let g(h) = -8*h**3 + 577*h**2 - 68*h + 141. Give g(72).
429
Let m(w) = 579*w**2 + 74*w + 42. Calculate m(2).
2506
Let b(m) = -34*m**3 + 4*m**2 + 23. What is b(4)?
-2089
Let r(h) = -2*h**3 + 138*h**2 + 2010*h - 152628. What is r(67)?
-2
Let n(o) = -301*o + 34517. Give n(114).
203
Let y(d) = 6830*d + 13701. What is y(-2)?
41
Let p(q) = -5819*q + 442207. Calculate p(76).
-37
Let h(v) = 26541*v - 1194354. Calculate h(45).
-9
Let g(l) = 3*l**2 - 19*l - 606. Determine g(-13).
148
Let y(o) = -2003*o**2 + 72122*o - 507. What is y(36)?
-3
Let b(p) = -5*p**2 + 298*p + 2880. Calculate b(-11).
-1003
Let i(k) = 2*k**3 + 118*k**2 + 606*k - 211. What is i(-6)?
-31
Let q(g) = -4*g**2 - 626*g + 41296. Give q(50).
-4
Let l(m) = m**2 + 188117*m + 6206776. Calculate l(-33).
4
Let f(k) = 2705*k - 906182. Determine f(335).
-7
Let n(h) = -2*h**3 - 55*h**2 + 80*h - 373. Calculate n(-28).
-1829
Let p(b) = -47*b**2 - 4077*b + 985. Give p(-87).
-59
Let h(x) = -9631*x - 48156. Determine h(-5).
-1
Let u(g) = -349786*g + 2448500. Calculate u(7).
-2
Let n(i) = -i**3 - 71*i**2 - 173*i - 755. What is n(-69)?
1660
Let c(x) = -10*x**2 - 1462*x + 1355. What is c(-147)?
179
Let b(v) = 1349*v - 39228. Determine b(27).
-2805
Let q(y) = y**2 - 62695*y - 815173. Give q(-13).
31
Let h(q) = -2*q**2 - 868*q + 24352. What is h(28)?
-1520
Let s(a) = -a**2 + 5146*a + 2724903. What is s(-484)?
-17
Let v(i) = 566*i + 37977. Determine v(-67).
55
Let m(v) = 2*v**2 + 1057*v + 89569. Determine m(-106).
-1
Let p(n) = n**3 - 16*n**2 - 25*n - 1102. What is p(20)?
-2
Let j(g) = -2*g**2 - 550*g + 251745. What is j(-518)?
-3
Let l(i) = i**2 + 70*i - 6859. Calculate l(-125).
16
Let d(v) = -11453*v - 2244782. Determine d(-196).
6
Let v(k) = 12*k**3 - 49*k**2 + 13*k + 3. Determine v(4).
39
Let f(z) = 20514*z + 164069. Determine f(-8).
-43
Let d(u) = 14493*u - 12290072. What is d(848)?
-8
Let t(j) = 2*j**3 - 124*j**2 + 835*j + 438. Give t(54).
-1128
Let k(q) = -133*q + 25489. What is k(185)?
884
Let 